{"id":9,"date":"2024-09-13T15:47:18","date_gmt":"2024-09-13T13:47:18","guid":{"rendered":"https:\/\/euromaresrl.it\/?page_id=9"},"modified":"2024-09-13T15:50:52","modified_gmt":"2024-09-13T13:50:52","slug":"informativa-privacy","status":"publish","type":"page","link":"https:\/\/euromaresrl.it\/?page_id=9","title":{"rendered":"INFORMATIVA PRIVACY"},"content":{"rendered":"\n<p><\/p>\n\n\n\n<p><\/p>\n\n\n\n<p>Ai sensi degli art. 13 e 14 del Regolamento Europeo 679\/2016 la Euromare Servizi Marittimi S.r.l. con sede in Genova Porto Ponte Somalia Radice Levante, P.IVA 03795560105, in qualit\u00e0 di titolare dei dati personali, con la presente rende note le modalit\u00e0 con cui saranno trattati i dati forniti.<\/p>\n\n\n\n<p>L\u2019informativa pu\u00f2 subire modifiche a causa dell\u2019introduzione di nuove norme a riguardo, si invita pertanto l\u2019utente a consultare periodicamente la presente pagina.<\/p>\n\n\n\n<h3 class=\"wp-block-heading\">TITOLARE DEI DATI<\/h3>\n\n\n\n<p>Relativamente al presente sito web il titolare del trattamento dei Dati \u00e8 la Euromare Servizi Marittimi S.r.l. e per ogni chiarimento o esercizio dei diritti dell\u2019utente egli potr\u00e0 riferirsi al seguente indirizzo: <a href=\"mailto:amministrazione@euromaresrl.it\">amministrazione@euromaresrl.it<\/a>.<\/p>\n\n\n\n<p><strong>TIPOLOGIA DEI DATI<\/strong><\/p>\n\n\n\n<p>Attraverso il Sito \u00e8 possibile inviare richieste e comunicazioni a Euromare Servizi Marittimi S.r.l. attraverso gli indirizzi di contatto riportati sul sito. Il conferimento di tali dati \u00e8 obbligatorio e necessario per rispondere alle richieste inviate nonch\u00e9 per ricontattare il mittente e ottenere precisazioni in ordine a quanto segnalato e\/o richiesto.&nbsp;&nbsp;&nbsp;<\/p>\n\n\n\n<p>I dati, oggetto del trattamento da parte del Titolare, forniti volontariamente e gratuitamente dagli utenti sono acquisiti anche mediante diretto inserimento all\u2019interno di moduli di registrazione e comprendono ad esempio nome, denominazione sociale, indirizzo, numero di telefono e indirizzo di posta elettronica e saranno utilizzati esclusivamente per fornire il servizio richiesto. Il presente Sito \u00e8 esentato da qualsiasi responsabilit\u00e0 in merito ad eventuali violazioni delle leggi, spetta infatti all\u2019utente verificare di avere i permessi per l\u2019immissione di dati personali di terzi o di contenuti tutelati dalle norme nazionali ed internazionali.<\/p>\n\n\n\n<h3 class=\"wp-block-heading\">FINALITA&#8217; DEL TRATTAMENTO<\/h3>\n\n\n\n<p>Nei limiti stabiliti dalla vigente normativa il trattamento cui saranno sottoposti i Suoi\/Vostri dati personali \u00e8 diretto esclusivamente all&#8217; espletamento da parte della nostra societ\u00e0 di tutte le attivit\u00e0 inerenti e strumentali alla stipula e successiva gestione ed esecuzione delle obbligazioni contrattuali con la nostra societ\u00e0 ed in particolare all&#8217; esecuzione di obblighi legali, contabili e fiscali, di amministrazione dei clienti e di gestione dei pagamenti.<\/p>\n\n\n\n<p>Il trattamento dei Suoi\/Vostri dati \u00e8 necessario all&#8217;esecuzione del contratto di cui Lei\/Voi \u00e8\/siete parte.<\/p>\n\n\n\n<h3 class=\"wp-block-heading\">NATURA DEL CONFERIMENTO DEI DATI<\/h3>\n\n\n\n<p>La comunicazione dei dati da parte Sua\/Vostra , per le finalit\u00e0 sopra specificate, \u00e8 un obbligo sia legale che contrattuale e pertanto l&#8217;eventuale rifiuto anche parziale a fornire i Dati, pu\u00f2 dar luogo all&#8217;impossibilit\u00e0 per la Societ\u00e0 di dare esecuzione al contratto e\/o di svolgere correttamente tutti gli adempimenti, anche di legge, da esso derivanti.<\/p>\n\n\n\n<p>Ponte Somalia Radice Levante &#8211; 16149 Genova Porto &#8211; Tel. : +39 010-4695340&nbsp; &#8211;&nbsp; +39 010-4694891 &#8211; Fax. : +39 010-6425600 &#8211; euromareterminal@euromaresrl.it<\/p>\n\n\n\n<p>Cap. Soc. Euro 50.000,00 i.v. &#8211; Registro Imprese GE 29844 &#8211; REA 380070 &#8211; Albo n. GET3410042A &#8211; C.F. e P. IVA 03795560105<\/p>\n\n\n\n<h3 class=\"wp-block-heading\">ACCESSO AI DATI E LORO COMUNICAZIONE<\/h3>\n\n\n\n<p>I Suoi\/Vostri dati personali, per le finalit\u00e0 sopra specificate, potranno essere comunicati alle seguenti categorie di soggetti: istituti bancari; amministrazione postale; studi professionali e societ\u00e0 &nbsp;&nbsp;&nbsp;&nbsp;&nbsp;di consulenza per l&#8217;espletamento da parte di tali soggetti dei servizi di assistenza in materia contabile, fiscale e per la gestione del contenzioso.<\/p>\n\n\n\n<p><strong>MODALITA DI TRATTAMENTO<\/strong><\/p>\n\n\n\n<p>Il Titolare adotta adeguate misure di sicurezza per impedire l\u2019accesso, la divulgazione, la<\/p>\n\n\n\n<p>modifica, l\u2019uso improprio e la distruzione non autorizzata dei dati.<\/p>\n\n\n\n<p>Il trattamento dei dati sar\u00e0 effettuato dal personale interno del Titolare in qualit\u00e0 di Responsabili del trattamento.<\/p>\n\n\n\n<p>I dati trattati saranno conservati per il tempo necessario alle finalit\u00e0 perseguite e in ogni caso nel rispetto dei limiti temporali indicati dalle previsioni normative e regolamentari applicabili.<\/p>\n\n\n\n<p>Decorso tale periodo i dati saranno cancellati o anonimizzati.<\/p>\n\n\n\n<h3 class=\"wp-block-heading\">DIRITTI DELL&#8217;INTERESSATO<\/h3>\n\n\n\n<p>In qualit\u00e0 di interessato del trattamento dei Dati Lei\/Voi ha\/avete il diritto, esercitatile in ogni momento di:<\/p>\n\n\n\n<ul class=\"wp-block-list\">\n<li>chiedere l&#8217;accesso ai Dati, (e\/o una copia di tali Dati)<\/li>\n\n\n\n<li>chiedere la rettifica o l&#8217;aggiornamento dei Dati trattati dalla Societ\u00e0<\/li>\n\n\n\n<li>chiedere la cancellazione dei Dati<\/li>\n\n\n\n<li>chiedere la limitazione del trattamento dei Dati<\/li>\n\n\n\n<li>esercitare il diritto di portabilit\u00e0 dei Dati<\/li>\n\n\n\n<li>opporsi al loro trattamento<\/li>\n<\/ul>\n\n\n\n<p>A tal &nbsp;fine \u00e8 possibile rivolgersi a coloro che esercitano le funzioni di Titolare del trattamento, ai sensi del DPCM del 25 maggio 2018, mediante richiesta inviata mediante e-mail al seguente indirizzo: <a href=\"mailto:amministrazione@euromaresrl.it\">amministrazione@euromaresrl.it<\/a><\/p>\n\n\n\n<p>E\u2019 prevista inoltre la possibilit\u00e0 di proporre reclamo all&#8217; Autorit\u00e0 di Controllo competente<\/p>\n\n\n\n<p>(Garante per la protezione dei Dati Personali), seguendo le procedute e le indicazioni pubblicate sul sito web ufficiale dell\u2019Autorit\u00e0 su&nbsp;&nbsp; www.garanteprivacy.it<\/p>\n","protected":false},"excerpt":{"rendered":"<p>Ai sensi degli art. 13 e 14 del Regolamento Europeo 679\/2016 la Euromare Servizi Marittimi S.r.l. con sede in Genova Porto Ponte Somalia Radice Levante, P.IVA 03795560105, in qualit\u00e0 di titolare dei dati personali, con la presente rende note le modalit\u00e0 con cui saranno trattati i dati forniti. L\u2019informativa pu\u00f2 subire modifiche a causa dell\u2019introduzione [&hellip;]<\/p>\n","protected":false},"author":1,"featured_media":0,"parent":0,"menu_order":0,"comment_status":"closed","ping_status":"closed","template":"","meta":{"footnotes":""},"class_list":["post-9","page","type-page","status-publish","hentry"],"_links":{"self":[{"href":"https:\/\/euromaresrl.it\/index.php?rest_route=\/wp\/v2\/pages\/9"}],"collection":[{"href":"https:\/\/euromaresrl.it\/index.php?rest_route=\/wp\/v2\/pages"}],"about":[{"href":"https:\/\/euromaresrl.it\/index.php?rest_route=\/wp\/v2\/types\/page"}],"author":[{"embeddable":true,"href":"https:\/\/euromaresrl.it\/index.php?rest_route=\/wp\/v2\/users\/1"}],"replies":[{"embeddable":true,"href":"https:\/\/euromaresrl.it\/index.php?rest_route=%2Fwp%2Fv2%2Fcomments&post=9"}],"version-history":[{"count":3,"href":"https:\/\/euromaresrl.it\/index.php?rest_route=\/wp\/v2\/pages\/9\/revisions"}],"predecessor-version":[{"id":13,"href":"https:\/\/euromaresrl.it\/index.php?rest_route=\/wp\/v2\/pages\/9\/revisions\/13"}],"wp:attachment":[{"href":"https:\/\/euromaresrl.it\/index.php?rest_route=%2Fwp%2Fv2%2Fmedia&parent=9"}],"curies":[{"name":"wp","href":"https:\/\/api.w.org\/{rel}","templated":true}]}}